?
146
Calculate the greatest common factor of 1405 and 290.
5
What is the highest common divisor of 408720 and 3536?
208
Calculate the greatest common factor of 27328 and 392.
56
What is the greatest common divisor of 275 and 58575?
275
What is the highest common factor of 17097 and 20850?
417
Calculate the greatest common factor of 52806 and 234.
78
What is the highest common divisor of 27438 and 102?
102
What is the highest common divisor of 3906747 and 117?
117
What is the highest common factor of 237 and 2765?
79
Calculate the highest common factor of 141808 and 32.
16
Calculate the greatest common divisor of 51 and 7563.
3
Calculate the greatest common factor of 16807 and 49.
49
Calculate the highest common divisor of 56 and 265244.
28
Calculate the highest common divisor of 16 and 5058536.
8
Calculate the highest common divisor of 59934 and 1218.
42
Calculate the highest common divisor of 57 and 180633.
57
What is the highest common divisor of 634 and 231093?
317
What is the highest common divisor of 194 and 82353?
97
What is the greatest common factor of 1140 and 2050974?
114
What is the highest common divisor of 790 and 951002?
158
Calculate the highest common divisor of 1195 and 21988.
239
What is the highest common factor of 896 and 49154?
14
What is the highest common factor of 1500 and 405500?
500
What is the greatest common factor of 61290 and 16146?
54
Calculate the greatest common divisor of 77 and 10941.
7
Calculate the greatest common factor of 377 and 71.
1
Calculate the highest common divisor of 90 and 1748100.
30
What is the greatest common divisor of 15827 and 3230?
323
What is the greatest common divisor of 310 and 8618?
62
Calculate the greatest common factor of 2997 and 2466.
9
Calculate the greatest common factor of 729 and 12555.
81
What is the greatest common factor of 189 and 4314933?
63
Calculate the greatest common factor of 44829 and 170.
17
Calculate the greatest common divisor of 4880 and 70.
10
What is the highest common factor of 123597 and 1116?
279
Calculate the highest common divisor of 720 and 29664.
144
What is the highest common factor of 8888 and 1320?
88
Calculate the highest common divisor of 19000 and 30780.
380
Calculate the highest common factor of 80 and 1230208.
16
Calculate the highest common divisor of 4966 and 11078.
382
What is the highest common factor of 175 and 21175?
175
What is the greatest common divisor of 108096 and 60?
12
What is the highest common divisor of 484 and 12?
4
What is the highest common divisor of 19 and 98819?
19
What is the highest common factor of 160 and 3544?
8
What is the highest common divisor of 89 and 475883?
89
Calculate the greatest common factor of 8007 and 25905.
471
Calculate the greatest common divisor of 11126 and 8.
2
Calculate the highest common divisor of 176 and 147504.
16
Calculate the greatest common divisor of 31648 and 224.
32
What is the highest common divisor of 2095 and 70?
5
Calculate the highest common factor of 850 and 7500.
50
What is the greatest common factor of 55200 and 15000?
600
What is the highest common factor of 243 and 138915?
81
Calculate the greatest common factor of 323 and 19006.
17
Calculate the greatest common factor of 9 and 322479.
9
Calculate the greatest common factor of 6130875 and 225.
75
Calculate the greatest common factor of 57 and 751716.
57
Calculate the highest common divisor of 419522 and 940.
94
Calculate the greatest common divisor of 2196 and 16714.
122
Calculate the greatest common factor of 5753 and 66.
11
Calculate the greatest common factor of 168031 and 1243.
113
What is the greatest common divisor of 6171 and 63597?
51
What is the highest common divisor of 632 and 52?
4
Calculate the greatest common factor of 303032 and 48.
8
What is the greatest common divisor of 24 and 9996?
12
What is the greatest common factor of 306 and 756?
18
What is the highest common divisor of 376 and 2056?
8
What is the highest common divisor of 315 and 64155?
105
Calculate the highest common divisor of 2140917 and 305.
61
Calculate the highest common factor of 9926 and 56.
14
Calculate the greatest common factor of 11595 and 5.
5
What is the greatest common divisor of 66 and 1507?
11
Calculate the highest common divisor of 75417 and 207.
69
Calculate the highest common factor of 261 and 80997.
87
Calculate the highest common factor of 25 and 467.
1
What is the greatest common divisor of 2420 and 86820?
20
Calculate the highest common divisor of 27558 and 270.
18
Calculate the highest common factor of 25260 and 480.
60
Calculate the highest common divisor of 154 and 12089.
77
Calculate the highest common factor of 523656 and 9.
9
What is the greatest common factor of 3154425 and 18495?
2055
Calculate the highest common divisor of 874 and 7774.
46
What is the greatest common divisor of 591 and 312?
3
What is the highest common factor of 5304606 and 993?
993
What is the greatest common divisor of 12258 and 108?
54
What is the highest common factor of 36 and 1108?
4
Calculate the highest common divisor of 1394054 and 4518.
502
Calculate the highest common factor of 20185 and 992735.
1835
What is the highest common divisor of 2 and 42374?
2
Calculate the highest common factor of 5053 and 14291.
31
Calculate the highest common divisor of 39 and 591.
3
What is the greatest common factor of 745215 and 45?
15
Calculate the greatest common factor of 649 and 155111.
649
What is the highest common factor of 158500 and 500?
500
Calculate the greatest common divisor of 4199 and 1463.
19
Calculate the greatest common divisor of 5 and 6065.
5
What is the greatest common divisor of 18 and 4809474?
18
Calculate the highest common divisor of 69710 and 40.
10
Calculate the highest common factor of 737232 and 42.
6
Calculate the highest common divisor of 241970 and 10.
10
What is the greatest common factor of 120 and 2220105?
15
Calculate the highest common factor of 541040 and 16.
16
What is the greatest common factor of 2466 and 126?
18
What is the highest common divisor of 1650 and 116930?
110
What is the greatest common divisor of 1416 and 53513?
59
What is the greatest common divisor of 4 and 85030?
2
Calculate the greatest common factor of 689 and 3653.
13
What is the highest common factor of 2180906 and 1042?
1042
Calculate the highest common divisor of 201299 and 56.
7
What is the highest common divisor of 519 and 2337?
3
Calculate the greatest common divisor of 2185 and 132240.
95
What is the highest common factor of 1760 and 4640?
160
What is the greatest common divisor of 42753 and 6?
3
What is the greatest common divisor of 37682 and 39952?
454
Calculate the highest common divisor of 28 and 1722252.
28
Calculate the greatest common factor of 111 and 11581.
37
Calculate the highest common factor of 41 and 1238364.
41
Calculate the greatest common factor of 4280078 and 22.
22
Calculate the highest common factor of 16880 and 480.
80
Calculate the highest common factor of 762 and 3382010.
254
Calculate the highest common factor of 216 and 241812.
108
Calculate the greatest common divisor of 40 and 8263820.
20
What is the highest common divisor of 962 and 4264?
26
What is the highest common factor of 90 and 29130?
30
Calculate the greatest common divisor of 4968260 and 968.
484
What is the highest common factor of 2714 and 138?
46
What is the highest common divisor of 243 and 4914?
27
Calculate the greatest common factor of 65408 and 560.
112
What is the greatest common factor of 7062 and 29634?
66
What is the highest common divisor of 21320 and 41000?
1640
What is the highest common factor of 2920 and 1640?
40
Calculate the greatest common divisor of 350 and 214270.
70
What is the greatest common divisor of 15291 and 63?
9
Calculate the greatest common factor of 2490 and 6660.
30
Calculate the greatest common factor of 8033 and 1653.
29
What is the greatest common factor of 33 and 251031?
33
Calculate the highest common divisor of 18072 and 558.
18
Calculate the highest common divisor of 1268 and 19971.
317
Calculate the greatest common factor of 3887 and 67769.
169
What is the greatest common factor of 9259 and 47?
47
Calculate the highest common divisor of 4633 and 3051.
113
Calculate the greatest common divisor of 19000 and 200.